the remainder when 73 is divided by 37?
36
What is the remainder when 2607 is divided by 5?
2
Calculate the remainder when 309 is divided by 99.
12
What is the remainder when 147 is divided by 78?
69
What is the remainder when 1715 is divided by 568?
11
Calculate the remainder when 34 is divided by 11.
1
What is the remainder when 573 is divided by 41?
40
Calculate the remainder when 268 is divided by 145.
123
What is the remainder when 378 is divided by 78?
66
What is the remainder when 795 is divided by 42?
39
What is the remainder when 228 is divided by 48?
36
What is the remainder when 5302 is divided by 64?
54
What is the remainder when 320 is divided by 139?
42
What is the remainder when 165 is divided by 68?
29
What is the remainder when 2189 is divided by 60?
29
Calculate the remainder when 4261 is divided by 327.
10
What is the remainder when 48 is divided by 15?
3
What is the remainder when 90 is divided by 13?
12
What is the remainder when 13062 is divided by 67?
64
Calculate the remainder when 43 is divided by 33.
10
Calculate the remainder when 324 is divided by 16.
4
Calculate the remainder when 648 is divided by 21.
18
Calculate the remainder when 269 is divided by 15.
14
Calculate the remainder when 147 is divided by 50.
47
What is the remainder when 136 is divided by 69?
67
What is the remainder when 995 is divided by 67?
57
What is the remainder when 2259 is divided by 35?
19
What is the remainder when 58 is divided by 12?
10
Calculate the remainder when 755 is divided by 19.
14
What is the remainder when 153 is divided by 108?
45
What is the remainder when 977 is divided by 488?
1
Calculate the remainder when 148 is divided by 47.
7
What is the remainder when 7339 is divided by 70?
59
What is the remainder when 636 is divided by 49?
48
What is the remainder when 3141 is divided by 15?
6
What is the remainder when 518 is divided by 29?
25
What is the remainder when 78 is divided by 48?
30
Calculate the remainder when 35 is divided by 18.
17
Calculate the remainder when 1200 is divided by 95.
60
What is the remainder when 1028 is divided by 12?
8
Calculate the remainder when 19573 is divided by 87.
85
Calculate the remainder when 100 is divided by 31.
7
What is the remainder when 112 is divided by 34?
10
What is the remainder when 3495 is divided by 184?
183
Calculate the remainder when 519 is divided by 29.
26
Calculate the remainder when 219 is divided by 108.
3
What is the remainder when 102 is divided by 13?
11
What is the remainder when 442 is divided by 23?
5
What is the remainder when 1113 is divided by 102?
93
What is the remainder when 1452 is divided by 73?
65
What is the remainder when 55 is divided by 6?
1
Calculate the remainder when 217 is divided by 24.
1
Calculate the remainder when 1263 is divided by 54.
21
Calculate the remainder when 6593 is divided by 300.
293
Calculate the remainder when 4839 is divided by 40.
39
What is the remainder when 269 is divided by 74?
47
Calculate the remainder when 781 is divided by 87.
85
Calculate the remainder when 454 is divided by 115.
109
Calculate the remainder when 931 is divided by 13.
8
Calculate the remainder when 1049 is divided by 296.
161
Calculate the remainder when 1556 is divided by 1553.
3
Calculate the remainder when 1957 is divided by 22.
21
What is the remainder when 178 is divided by 43?
6
What is the remainder when 143 is divided by 48?
47
Calculate the remainder when 1622 is divided by 8.
6
What is the remainder when 1662 is divided by 13?
11
Calculate the remainder when 3690 is divided by 1836.
18
Calculate the remainder when 1297 is divided by 1286.
11
Calculate the remainder when 324 is divided by 50.
24
What is the remainder when 3900 is divided by 1943?
14
What is the remainder when 1128 is divided by 42?
36
Calculate the remainder when 464 is divided by 47.
41
What is the remainder when 794 is divided by 266?
262
Calculate the remainder when 836 is divided by 93.
92
What is the remainder when 674 is divided by 86?
72
What is the remainder when 2540 is divided by 256?
236
Calculate the remainder when 10278 is divided by 194.
190
What is the remainder when 133 is divided by 74?
59
What is the remainder when 25142 is divided by 87?
86
What is the remainder when 131 is divided by 67?
64
Calculate the remainder when 2036 is divided by 66.
56
Calculate the remainder when 281 is divided by 53.
16
Calculate the remainder when 71 is divided by 4.
3
What is the remainder when 1911 is divided by 33?
30
What is the remainder when 1042 is divided by 267?
241
Calculate the remainder when 1189 is divided by 50.
39
What is the remainder when 17 is divided by 4?
1
Calculate the remainder when 5276 is divided by 14.
12
What is the remainder when 5548 is divided by 7?
4
Calculate the remainder when 495 is divided by 10.
5
What is the remainder when 102 is divided by 15?
12
What is the remainder when 119 is divided by 52?
15
What is the remainder when 1876 is divided by 115?
36
What is the remainder when 206 is divided by 21?
17
Calculate the remainder when 50 is divided by 3.
2
What is the remainder when 1339 is divided by 649?
41
Calculate the remainder when 2880 is divided by 206.
202
Calculate the remainder when 125 is divided by 35.
20
What is the remainder when 1293 is divided by 183?
12
Calculate the remainder when 138 is divided by 18.
12
What is the remainder when 1134 is divided by 104?
94
Calculate the remainder when 24 is divided by 19.
5
What is the remainder when 512 is divided by 101?
7
What is the remainder when 1007 is divided by 997?
10
What is the remainder when 880 is divided by 308?
264
Calculate the remainder when 1183 is divided by 100.
83
What is the remainder when 344 is divided by 90?
74
Calculate the remainder when 41 is divided by 23.
18
What is the remainder when 404 is divided by 48?
20
What is the remainder when 2270 is divided by 73?
7
Calculate the remainder when 353 is divided by 7.
3
What is the remainder when 2393 is divided by 99?
17
What is the remainder when 374 is divided by 29?
26
What is the remainder when 184 is divided by 96?
88
What is the remainder when 47 is divided by 8?
7
Calculate the remainder when 5033 is divided by 19.
17
What is the remainder when 1937 is divided by 148?
13
What is the remainder when 188 is divided by 66?
56
Calculate the remainder when 55 is divided by 21.
13
Calculate the remainder when 749 is divided by 47.
44
What is the remainder when 562 is divided by 257?
48
What is the remainder when 329 is divided by 65?
4
What is the remainder when 421 is divided by 148?
125
Calculate the remainder when 3490 is divided by 861.
46
What is the remainder when 122 is divided by 75?
47
What is the remainder when 412 is divided by 59?
58
Calculate the remainder when 106 is divided by 105.
1
What is the remainder when 156 is divided by 57?
42
What is the remainder when 973 is divided by 485?
3
Calculate the remainder when 182 is divided by 174.
8
Calculate the remainder when 1232 is divided by 202.
20
What is the remainder when 7134 is divided by 86?
82
What is the remainder when 26 is divided by 25?
1
Calculate the remainder when 246 is divided by 113.
20
Calculate the remainder when 1265 is divided by 20.
5
What is the remainder when 59 is divided by 51?
8
Calculate the remainder when 3639 is divided by 140.
139
What is the remainder when 234 is divided by 28?
10
What is the remainder when 16489 is divided by 170?
169
Calculate the remainder when 340 is divided by 88.
76
Calculate the remainder when 275 is divided by 35.
30
Calculate the remainder when 5605 is divided by 8.
5
What is the remainder when 1881 is divided by 43?
32
Calculate the remainder when 764 is divided by 48.
44
What is the remainder when 34186 is divided by 444?
442
What is the remainder when 2896 is divided by 50?
46
Calculate the remainder when 200 is divided by 103.
97
Calculate the remainder when 124 is divided by 35.
19
Calculate the remainder when 128 is divided by 22.
18
What is the remainder when 525 is divided by 22?
19
Calculate the remainder when 332 is divided by 26.
20
Calculate the remainder when 342 is divided by 111.
9
Calculate the remainder when 309 is divided by 26.
23
Calculate the remainder when 25 is divided by 10.